{"id":352,"date":"2023-05-10T10:46:31","date_gmt":"2023-05-10T10:46:31","guid":{"rendered":"https:\/\/ciiemcongress.com\/?page_id=352"},"modified":"2025-07-01T23:56:12","modified_gmt":"2025-07-01T22:56:12","slug":"honor-committee","status":"publish","type":"page","link":"https:\/\/ciiemcongress.egasmoniz.edu.pt\/index.php\/honor-committee\/","title":{"rendered":"Honor Committee"},"content":{"rendered":"\n<p>Prof. Doutor Jos\u00e9 Jo\u00e3o Mendes, Presidente da Egas Moniz School of Health and Science, Presidente do Centro de Investiga\u00e7\u00e3o Interdisciplinar Egas Moniz<br>Magn\u00edfico Reitor, Professor Doutor Gil Alcoforado, Reitor do Instituto Universit\u00e1rio Egas Moniz<br>Prof. Doutor Miguel Correia, Diretor da Escola Superior de Sa\u00fade Egas Moniz<br>Dra. Ana Paula Martins, Ministra da Sa\u00fade<br>Dra. Teresa Morais, Vice-Presidente da Assembleia da Rep\u00fablica<br>Dr. Adriano Rafael Moreira, Secret\u00e1rio de Estado do Trabalho<br>Dr. Pedro Dias, Secret\u00e1rio de Estado do Desporto<br>Dr. Pedro Machado, Secret\u00e1rio de Estado do Turismo, Com\u00e9rcio e Servi\u00e7os<br>Dra. Ana Povo, Secret\u00e1ria de Estado da Sa\u00fade<br>Dra. Cl\u00e1udia Estev\u00e3o, Deputada \u00e0 Assembleia da Rep\u00fablica<br>Naoufel Hdia, Embaixador da Tun\u00edsia<br>Dr. Ant\u00f3nio Lopes, Baston\u00e1rio da Ordem dos Fisioterapeutas<br>Dr. Miguel Pav\u00e3o, Baston\u00e1rio da Ordem dos M\u00e9dicos Dentistas<br>Enf. Lu\u00eds Filipe Barreira, Baston\u00e1rio da Ordem dos Enfermeiros<br>Dra. Sofia Ramalho, Baston\u00e1ria da Ordem dos Psic\u00f3logos<br>Dom Am\u00e9rico Aguiar, Bispo da Diocese de Set\u00fabal<br>Dr. Andr\u00e9 Martins, Presidente da C\u00e2mara Municipal de Set\u00fabal<br>Dra. Isabel Migu\u00e9ns de Almeida Bou\u00e7as, Provedora da Santa Casa da Miseric\u00f3rdia de Cascais<br>Dr. Jo\u00e3o Bugia, Diretor do Departamento de Investiga\u00e7\u00e3o Criminal da Pol\u00edcia Judici\u00e1ria de Set\u00fabal<br>Superintendente Carlos Nascimento Rego Paiva Resende da Silva, Comandante Distrital da Pol\u00edcia de Seguran\u00e7a P\u00fablica de Set\u00fabal<br>Dr. Artur Cordeiro, Juiz Presidente do Tribunal Judicial da Comarca de Lisboa<br>Dr. Carlos Monjardino, Presidente da Funda\u00e7\u00e3o Oriente<br>Professora Doutora Elvira Fortunato, Presidente do CENIMAT i3N<br>Dra. Ema Paulino, Presidente da Associa\u00e7\u00e3o Nacional de Farm\u00e1cias<br>Prof. Doutor Fernando Mendes, Presidente da European Association of Biomedical Scientists<br>Prof. Doutor Hugo Gamboa , Presidente do Madan Parque<br>Dr. Jo\u00e3o Martins Pimentel, Presidente do Instituto Portugu\u00eas da Qualidade<br>Dr. Jo\u00e3o L\u00e1zaro, Presidente da APAV Set\u00fabal<br>Dr. Joaquim Cunha, Diretor Executivo do Health Cluster &#8211; Portugal<br>Prof. Doutor Jorge Conde, Presidente da Dire\u00e7\u00e3o da RACS<br>Dra. Maria Jo\u00e3o Gra\u00e7a, Vogal do Conselho Diretivo do Instituto Portugu\u00eas da Qualidade<br>Arqta. Maria Teresa Mour\u00e3o de Almeida, Presidente do CCDR LVT<br>Enf. Rui Fontes, Diretor T\u00e9cnico RSEM<br>Professor Doutor J\u00falio Alferes, Diretor da FCT &#8211; UNL<br>Dra. Teresa Xavier, Diretora Cl\u00ednica do Centro Hospitalar Barreiro Montijo<br>Prof. Doutor Doutor M\u00e1rio Polido, Tesoureiro da Dire\u00e7\u00e3o Egas Moniz<br>Prof. Doutor Alves de Matos, Egas Moniz School of Health and Sciences<br>Dr. Tom\u00e1s Carnall, Egas Moniz School of Health and Sciences<\/p>\n\n\n\n<p class=\"has-small-font-size\"><\/p>\n\n\n\n<p><\/p>\n","protected":false},"excerpt":{"rendered":"<p>Prof. Doutor Jos\u00e9 Jo\u00e3o Mendes, Presidente da Egas Moniz School of Health and Science, Presidente do Centro de Investiga\u00e7\u00e3o Interdisciplinar Egas MonizMagn\u00edfico Reitor, Professor Doutor Gil Alcoforado, Reitor do Instituto Universit\u00e1rio Egas MonizProf. Doutor Miguel Correia, Diretor da Escola Superior de Sa\u00fade Egas MonizDra. Ana Paula Martins, Ministra da Sa\u00fadeDra. Teresa Morais, Vice-Presidente da Assembleia [&hellip;]<\/p>\n","protected":false},"author":1,"featured_media":0,"parent":0,"menu_order":0,"comment_status":"closed","ping_status":"closed","template":"","meta":{"advgb_blocks_editor_width":"","advgb_blocks_columns_visual_guide":"","footnotes":""},"class_list":["post-352","page","type-page","status-publish","hentry"],"coauthors":[],"author_meta":{"author_link":"https:\/\/ciiemcongress.egasmoniz.edu.pt\/index.php\/author\/admin\/","display_name":"Carlos Fam\u00edlia"},"relative_dates":{"created":"Posted 3 years ago","modified":"Updated 10 months ago"},"absolute_dates":{"created":"Posted on May 10, 2023","modified":"Updated on July 1, 2025"},"absolute_dates_time":{"created":"Posted on May 10, 2023 10:46 am","modified":"Updated on July 1, 2025 11:56 pm"},"featured_img_caption":"","featured_img":false,"series_order":"","_links":{"self":[{"href":"https:\/\/ciiemcongress.egasmoniz.edu.pt\/index.php\/wp-json\/wp\/v2\/pages\/352","targetHints":{"allow":["GET"]}}],"collection":[{"href":"https:\/\/ciiemcongress.egasmoniz.edu.pt\/index.php\/wp-json\/wp\/v2\/pages"}],"about":[{"href":"https:\/\/ciiemcongress.egasmoniz.edu.pt\/index.php\/wp-json\/wp\/v2\/types\/page"}],"author":[{"embeddable":true,"href":"https:\/\/ciiemcongress.egasmoniz.edu.pt\/index.php\/wp-json\/wp\/v2\/users\/1"}],"replies":[{"embeddable":true,"href":"https:\/\/ciiemcongress.egasmoniz.edu.pt\/index.php\/wp-json\/wp\/v2\/comments?post=352"}],"version-history":[{"count":6,"href":"https:\/\/ciiemcongress.egasmoniz.edu.pt\/index.php\/wp-json\/wp\/v2\/pages\/352\/revisions"}],"predecessor-version":[{"id":1286,"href":"https:\/\/ciiemcongress.egasmoniz.edu.pt\/index.php\/wp-json\/wp\/v2\/pages\/352\/revisions\/1286"}],"wp:attachment":[{"href":"https:\/\/ciiemcongress.egasmoniz.edu.pt\/index.php\/wp-json\/wp\/v2\/media?parent=352"}],"curies":[{"name":"wp","href":"https:\/\/api.w.org\/{rel}","templated":true}]}}