{"id":163,"date":"2023-03-30T12:34:05","date_gmt":"2023-03-30T12:34:05","guid":{"rendered":"https:\/\/ciiemcongress.com\/?page_id=163"},"modified":"2025-05-30T14:32:16","modified_gmt":"2025-05-30T13:32:16","slug":"executive-committee","status":"publish","type":"page","link":"https:\/\/ciiemcongress.egasmoniz.edu.pt\/index.php\/executive-committee\/","title":{"rendered":"Executive committee"},"content":{"rendered":"\n<p><strong>Catarina Godinho (President)<br>J\u00falio Belo Fernandes (Vice-president)<\/strong><br>Alexandra Figueiredo<br>Am\u00e2ndio Dias<br>Andr\u00e9 Mariz de Almeida<br>Carla Ascenso<br>Carlos Fam\u00edlia<br>Edite Torres<br>Filipa Vicente<br>In\u00eas Gomes<br>Isa F\u00e9lix<br>Isabel Margarida Costa<br>Leonor Silva<br>Paulo Mascarenhas<br>Sofia Jord\u00e3o<br>Xavier Melo<\/p>\n\n\n\n<p><\/p>\n","protected":false},"excerpt":{"rendered":"<p>Catarina Godinho (President)J\u00falio Belo Fernandes (Vice-president)Alexandra FigueiredoAm\u00e2ndio DiasAndr\u00e9 Mariz de AlmeidaCarla AscensoCarlos Fam\u00edliaEdite TorresFilipa VicenteIn\u00eas GomesIsa F\u00e9lixIsabel Margarida CostaLeonor SilvaPaulo MascarenhasSofia Jord\u00e3oXavier Melo<\/p>\n","protected":false},"author":1,"featured_media":0,"parent":0,"menu_order":0,"comment_status":"closed","ping_status":"closed","template":"","meta":{"advgb_blocks_editor_width":"","advgb_blocks_columns_visual_guide":"","footnotes":""},"class_list":["post-163","page","type-page","status-publish","hentry"],"coauthors":[],"author_meta":{"author_link":"https:\/\/ciiemcongress.egasmoniz.edu.pt\/index.php\/author\/admin\/","display_name":"Carlos Fam\u00edlia"},"relative_dates":{"created":"Posted 3 years ago","modified":"Updated 11 months ago"},"absolute_dates":{"created":"Posted on March 30, 2023","modified":"Updated on May 30, 2025"},"absolute_dates_time":{"created":"Posted on March 30, 2023 12:34 pm","modified":"Updated on May 30, 2025 2:32 pm"},"featured_img_caption":"","featured_img":false,"series_order":"","_links":{"self":[{"href":"https:\/\/ciiemcongress.egasmoniz.edu.pt\/index.php\/wp-json\/wp\/v2\/pages\/163","targetHints":{"allow":["GET"]}}],"collection":[{"href":"https:\/\/ciiemcongress.egasmoniz.edu.pt\/index.php\/wp-json\/wp\/v2\/pages"}],"about":[{"href":"https:\/\/ciiemcongress.egasmoniz.edu.pt\/index.php\/wp-json\/wp\/v2\/types\/page"}],"author":[{"embeddable":true,"href":"https:\/\/ciiemcongress.egasmoniz.edu.pt\/index.php\/wp-json\/wp\/v2\/users\/1"}],"replies":[{"embeddable":true,"href":"https:\/\/ciiemcongress.egasmoniz.edu.pt\/index.php\/wp-json\/wp\/v2\/comments?post=163"}],"version-history":[{"count":6,"href":"https:\/\/ciiemcongress.egasmoniz.edu.pt\/index.php\/wp-json\/wp\/v2\/pages\/163\/revisions"}],"predecessor-version":[{"id":1117,"href":"https:\/\/ciiemcongress.egasmoniz.edu.pt\/index.php\/wp-json\/wp\/v2\/pages\/163\/revisions\/1117"}],"wp:attachment":[{"href":"https:\/\/ciiemcongress.egasmoniz.edu.pt\/index.php\/wp-json\/wp\/v2\/media?parent=163"}],"curies":[{"name":"wp","href":"https:\/\/api.w.org\/{rel}","templated":true}]}}