{"id":103,"date":"2023-03-21T20:08:02","date_gmt":"2023-03-21T20:08:02","guid":{"rendered":"https:\/\/ciiemcongress.com\/?page_id=103"},"modified":"2025-06-28T17:55:33","modified_gmt":"2025-06-28T16:55:33","slug":"pricing","status":"publish","type":"page","link":"https:\/\/ciiemcongress.egasmoniz.edu.pt\/index.php\/pricing\/","title":{"rendered":"Pricing"},"content":{"rendered":"\n<figure class=\"wp-block-table is-style-stripes custom-column-table\"><table><tbody><tr><td><strong>Registration (required for participation)<\/strong><br><small><small>Registo (obrigat\u00f3rio para participa\u00e7\u00e3o)<\/small><\/small><\/td><td><strong>15.00 Euros*<\/strong><\/td><\/tr><tr><td><strong>Submission of an abstract (published online in the congress book)<\/strong><br><small><small>Submiss\u00e3o de um resumo (publicado online no livro do congresso)<\/small><\/small><\/td><td><strong>15.00 Euros\/Abstract<\/strong>**<\/td><\/tr><tr><td><strong>Submission of an abstract (published online in the congress book) and of the corresponding paper (published in the Medical Sciences Forum Journal)<\/strong><br><small><small>Submiss\u00e3o de um abstract (publicado online no livro do congresso) e do paper correspondente (publicado no Medical Sciences Forum Journal)<\/small><\/small><\/td><td><strong>35.00 Euros\/Abstract\/Paper*<\/strong>*<\/td><\/tr><\/tbody><\/table><\/figure>\n\n\n\n<p class=\"has-small-font-size\"><strong>* Registration is free for Egas Moniz students and Congress <strong>Scientific\/Organizing\/Honor Committee<\/strong><br><\/strong>* Registo gratu\u00edto para alunos da Egas moniz e Comiss\u00f5es do Congresso<\/p>\n\n\n\n<p class=\"has-small-font-size\"><strong>** The submission of abstracts and papers must be made by the author who will present the work at the congress, who must be registered and have paid the corresponding fees.<br><\/strong>** A submiss\u00e3o de abstracts e papers t\u00eam de ser realizada pelo author que ir\u00e1 apresentar o trabalho na confer\u00eancia, que t\u00eam obrigat\u00f3riamente de estar registado e pago as respetivas taxas.<\/p>\n\n\n\n<div style=\"height:20px\" aria-hidden=\"true\" class=\"wp-block-spacer\"><\/div>\n\n\n\n<div style=\"height:20px\" aria-hidden=\"true\" class=\"wp-block-spacer\"><\/div>\n\n\n\n<p><strong>Registration confirmation<\/strong><\/p>\n\n\n\n<p>Following verification by our administrative services, a confirmation letter of registration will be sent to you via email.<\/p>\n\n\n\n<div style=\"height:20px\" aria-hidden=\"true\" class=\"wp-block-spacer\"><\/div>\n\n\n\n<p><strong>Letter of Invitation<\/strong><\/p>\n\n\n\n<p>The Registration Department is pleased to provide a formal letter of invitation to any individual who requests one, provided that their registration and associated fees have been received. The purpose of this invitation is to facilitate potential attendees in obtaining travel funding or a visa. Please note that the letter of invitation does not constitute a guarantee of financial support from the Congress. Should you require a letter of invitation, you may request one through the online registration process.<\/p>\n\n\n\n<p><\/p>\n\n\n","protected":false},"excerpt":{"rendered":"<p>Registration (required for participation)Registo (obrigat\u00f3rio para participa\u00e7\u00e3o) 15.00 Euros* Submission of an abstract (published online in the congress book)Submiss\u00e3o de um resumo (publicado online no livro do congresso) 15.00 Euros\/Abstract** Submission of an abstract (published online in the congress book) and of the corresponding paper (published in the Medical Sciences Forum Journal)Submiss\u00e3o de um abstract [&hellip;]<\/p>\n","protected":false},"author":1,"featured_media":0,"parent":0,"menu_order":0,"comment_status":"closed","ping_status":"closed","template":"","meta":{"advgb_blocks_editor_width":"","advgb_blocks_columns_visual_guide":"","footnotes":""},"class_list":["post-103","page","type-page","status-publish","hentry"],"coauthors":[],"author_meta":{"author_link":"https:\/\/ciiemcongress.egasmoniz.edu.pt\/index.php\/author\/admin\/","display_name":"Carlos Fam\u00edlia"},"relative_dates":{"created":"Posted 3 years ago","modified":"Updated 10 months ago"},"absolute_dates":{"created":"Posted on March 21, 2023","modified":"Updated on June 28, 2025"},"absolute_dates_time":{"created":"Posted on March 21, 2023 8:08 pm","modified":"Updated on June 28, 2025 5:55 pm"},"featured_img_caption":"","featured_img":false,"series_order":"","_links":{"self":[{"href":"https:\/\/ciiemcongress.egasmoniz.edu.pt\/index.php\/wp-json\/wp\/v2\/pages\/103","targetHints":{"allow":["GET"]}}],"collection":[{"href":"https:\/\/ciiemcongress.egasmoniz.edu.pt\/index.php\/wp-json\/wp\/v2\/pages"}],"about":[{"href":"https:\/\/ciiemcongress.egasmoniz.edu.pt\/index.php\/wp-json\/wp\/v2\/types\/page"}],"author":[{"embeddable":true,"href":"https:\/\/ciiemcongress.egasmoniz.edu.pt\/index.php\/wp-json\/wp\/v2\/users\/1"}],"replies":[{"embeddable":true,"href":"https:\/\/ciiemcongress.egasmoniz.edu.pt\/index.php\/wp-json\/wp\/v2\/comments?post=103"}],"version-history":[{"count":10,"href":"https:\/\/ciiemcongress.egasmoniz.edu.pt\/index.php\/wp-json\/wp\/v2\/pages\/103\/revisions"}],"predecessor-version":[{"id":1252,"href":"https:\/\/ciiemcongress.egasmoniz.edu.pt\/index.php\/wp-json\/wp\/v2\/pages\/103\/revisions\/1252"}],"wp:attachment":[{"href":"https:\/\/ciiemcongress.egasmoniz.edu.pt\/index.php\/wp-json\/wp\/v2\/media?parent=103"}],"curies":[{"name":"wp","href":"https:\/\/api.w.org\/{rel}","templated":true}]}}